{"id":586,"date":"2014-12-31T14:51:35","date_gmt":"2014-12-31T14:51:35","guid":{"rendered":"http:\/\/www.gpes.fr\/?page_id=586"},"modified":"2025-04-15T12:27:58","modified_gmt":"2025-04-15T12:27:58","slug":"materiels","status":"publish","type":"page","link":"https:\/\/www.gpes.fr\/?page_id=586","title":{"rendered":"Mat\u00e9riels"},"content":{"rendered":"<p><img loading=\"lazy\" class=\"alignright wp-image-789 size-medium\" src=\"http:\/\/www.gpes.fr\/wp-content\/uploads\/2014\/12\/IMG_20160312_152637-300x225.jpg\" alt=\"\" width=\"300\" height=\"225\" srcset=\"https:\/\/www.gpes.fr\/wp-content\/uploads\/2014\/12\/IMG_20160312_152637-300x225.jpg 300w, https:\/\/www.gpes.fr\/wp-content\/uploads\/2014\/12\/IMG_20160312_152637-768x576.jpg 768w, https:\/\/www.gpes.fr\/wp-content\/uploads\/2014\/12\/IMG_20160312_152637-1024x768.jpg 1024w, https:\/\/www.gpes.fr\/wp-content\/uploads\/2014\/12\/IMG_20160312_152637-624x468.jpg 624w\" sizes=\"(max-width: 300px) 100vw, 300px\" \/><\/p>\n<p>Le club permet d\u2019accueillir jusqu\u2019\u00e0 38 plongeurs simultan\u00e9ment. Il met \u00e0 leur disposition les \u00e9quipements suivants, r\u00e9cemment renouvel\u00e9s\u00a0et d\u00e9clin\u00e9s dans toutes les tailles enfants et adultes :<\/p>\n<ul>\n<li>Une soixantaine de combinaisons int\u00e9grales ou shortys<\/li>\n<li>Une trentaine de gilets stabilisateurs<\/li>\n<li>Une quarantaine de paires de palmes chaussantes<\/li>\n<li>Ordinateurs de plong\u00e9e<\/li>\n<li>Une vingtaine de d\u00e9tendeurs complets (air)<\/li>\n<li>Une dizaine de d\u00e9tendeurs complets (nitrox)<\/li>\n<li>Une quarantaine de blocs (air)<\/li>\n<li>Une dizaine de blocs nitox et une demi-douzaine de pony<\/li>\n<li>Masques\u2026<\/li>\n<\/ul>\n<p><img loading=\"lazy\" class=\"aligncenter wp-image-782 size-medium\" src=\"http:\/\/www.gpes.fr\/wp-content\/uploads\/2014\/12\/station-glonflage-300x225.jpg\" alt=\"\" width=\"300\" height=\"225\" srcset=\"https:\/\/www.gpes.fr\/wp-content\/uploads\/2014\/12\/station-glonflage-300x225.jpg 300w, https:\/\/www.gpes.fr\/wp-content\/uploads\/2014\/12\/station-glonflage-768x576.jpg 768w, https:\/\/www.gpes.fr\/wp-content\/uploads\/2014\/12\/station-glonflage-624x468.jpg 624w, https:\/\/www.gpes.fr\/wp-content\/uploads\/2014\/12\/station-glonflage.jpg 960w\" sizes=\"(max-width: 300px) 100vw, 300px\" \/><\/p>\n<p><\/p>","protected":false},"excerpt":{"rendered":"<p>Le club permet d\u2019accueillir jusqu\u2019\u00e0 38 plongeurs simultan\u00e9ment. Il met \u00e0 leur disposition les \u00e9quipements suivants, r\u00e9cemment renouvel\u00e9s\u00a0et d\u00e9clin\u00e9s dans<\/p>\n","protected":false},"author":5,"featured_media":0,"parent":591,"menu_order":0,"comment_status":"closed","ping_status":"closed","template":"","meta":[],"_links":{"self":[{"href":"https:\/\/www.gpes.fr\/index.php?rest_route=\/wp\/v2\/pages\/586"}],"collection":[{"href":"https:\/\/www.gpes.fr\/index.php?rest_route=\/wp\/v2\/pages"}],"about":[{"href":"https:\/\/www.gpes.fr\/index.php?rest_route=\/wp\/v2\/types\/page"}],"author":[{"embeddable":true,"href":"https:\/\/www.gpes.fr\/index.php?rest_route=\/wp\/v2\/users\/5"}],"replies":[{"embeddable":true,"href":"https:\/\/www.gpes.fr\/index.php?rest_route=%2Fwp%2Fv2%2Fcomments&post=586"}],"version-history":[{"count":12,"href":"https:\/\/www.gpes.fr\/index.php?rest_route=\/wp\/v2\/pages\/586\/revisions"}],"predecessor-version":[{"id":1018,"href":"https:\/\/www.gpes.fr\/index.php?rest_route=\/wp\/v2\/pages\/586\/revisions\/1018"}],"up":[{"embeddable":true,"href":"https:\/\/www.gpes.fr\/index.php?rest_route=\/wp\/v2\/pages\/591"}],"wp:attachment":[{"href":"https:\/\/www.gpes.fr\/index.php?rest_route=%2Fwp%2Fv2%2Fmedia&parent=586"}],"curies":[{"name":"wp","href":"https:\/\/api.w.org\/{rel}","templated":true}]}}